.
3
Let o = 5 - 1. Let j = -11 + 16. Calculate the remainder when j is divided by o.
1
Suppose -5*a - l = 4*l - 1805, a - 363 = -2*l. What is the remainder when a is divided by 30?
29
Let q(r) = 2*r**2 - 23*r + 34. What is the remainder when 195 is divided by q(12)?
11
Let f(t) = 18*t - 80. Let z be ((-9)/6)/(6/(-28)). Suppose -5*x - j + 54 = 0, x - z*j = -3*j - 6. Calculate the remainder when f(6) is divided by x.
8
What is the remainder when 48 is divided by 603/21 + -2*(-8)/56?
19
Let p(o) = -13*o - 136. Calculate the remainder when 539 is divided by p(-12).
19
Let n = -188 - -203. Calculate the remainder when 191 is divided by n.
11
Let n(l) = -73*l + 82. What is the remainder when n(-2) is divided by 23?
21
Let b = 22 + -13. Let s = -4 + b. What is the remainder when 9 is divided by s?
4
What is the remainder when 89 is divided by 2/(-4) - (-7565)/170?
1
Let i be (-6886)/(-33) + 2/(-3). Suppose -17 = -5*w + i. Let k(n) = n**3 - 7*n**2 + 3*n - 5. Calculate the remainder when w is divided by k(7).
13
Suppose -5*g + k = -132, 3*g + 23 = 3*k + 107. What is the remainder when 124 is divided by g?
20
Let x(k) = 2*k - 10. Let q be x(5). Suppose -9 = -3*v - q. Suppose 0 = -v*o + 87 + 27. What is the remainder when o is divided by 13?
12
Suppose 2*d + 2*f - 164 = 0, -26*f = -2*d - 25*f + 173. What is the remainder when 338 is divided by d?
83
Let b be (-3 - -6) + -4 - -4. Calculate the remainder when 115 is divided by 2/7 - 67/(-7)*b.
28
Let o = 150 + -98. Suppose o - 202 = -10*r. Let c = 101 + -30. Calculate the remainder when c is divided by r.
11
Let c = -3 + 8. Suppose c*f - 516 + 156 = 0. Suppose -83 = -7*x + 50. Calculate the remainder when f is divided by x.
15
Let o(m) = -43 - 43 - 10*m + 0*m + 82. Let w(q) = q**2 - 6*q + 6. Let b be w(4). What is the remainder when 45 is divided by o(b)?
13
Calculate the remainder when 61 is divided by 8/20*65 - 3.
15
Let g = -48 + 48. Calculate the remainder when 26 is divided by (8/16)/((-3)/(-60) - g).
6
Let p(y) = 3*y**2 + 7*y + 1. Calculate the remainder when 95 is divided by p(3).
46
Suppose -276 = -6*b - 42. Calculate the remainder when 349 is divided by b.
37
Calculate the remainder when 270 is divided by (-3 + (-1 - -2))/((-8)/100).
20
Suppose 90 = 2134*i - 2131*i. Calculate the remainder when 352 is divided by i.
22
Suppose -72*p + 132 = 5*s - 70*p, -2*p + 2 = 0. Calculate the remainder when 205 is divided by s.
23
Let w = -63 + 109. Let u(d) = 3*d**3 - 18*d**2 + 2*d. What is the remainder when w is divided by u(6)?
10
Suppose 0 = v - y - 1, 5*v + y = -y + 19. What is the remainder when 177 is divided by (-15)/((15/v)/(-15))?
42
Suppose x - 4*m = -4*x + 833, 2*m - 161 = -x. Calculate the remainder when x is divided by 24.
21
Let n(u) = -u. Let f = -516 + 518. What is the remainder when f is divided by n(-2)?
0
Let i(y) = 248*y + 1 + 7 - 247*y. Calculate the remainder when i(18) is divided by 15.
11
Let k(d) = 2*d**2 - 2*d - 2. Let a be k(2). Suppose 0 = -a*f - 6 + 28. Calculate the remainder when 580/18 + -4*(-4)/(-72) is divided by f.
10
Let q = -33 + 47. Calculate the remainder when 264 is divided by q.
12
Suppose -10*k + 16*k = 84. Suppose -12*y = -k*y + 22. Suppose f - 1 - 3 = 0. Calculate the remainder when y is divided by f.
3
Let y(n) = 3*n**3 + n**2 + 3*n + 1. Let a = -75 + 144. Calculate the remainder when a is divided by y(2).
34
Let m be (-2 - -9)*8/28. Suppose 3*d - 3*l - 18 = 0, l = -3*d - m*l + 30. Let w = d - -6. Calculate the remainder when 55 is divided by w.
13
Suppose 42 = 2*t + 12. Suppose 348 = -0*a + 3*a. Suppose -p + a = 3*p. What is the remainder when p is divided by t?
14
Let w(z) = 31*z**2 + 211*z. Calculate the remainder when 86 is divided by w(-7).
2
Suppose 3 = 5*t - 7*a + 4*a, 4*t = -4*a - 4. Suppose 5*w = -t*w + 170. Calculate the remainder when w is divided by 7.
6
Let i be (-60)/9*(-9)/6. Let s(o) = -o**3 + 10*o**2 - o + 1. Let a be s(i). What is the remainder when (-3)/(a/6) + 29 is divided by 11?
9
Let t(i) be the first derivative of -i**4/4 - 8*i**3/3 - 5*i**2 - 2*i - 15. What is the remainder when t(-7) is divided by 5?
4
Let j(n) = 2*n + 47. Let f = 15 - 30. What is the remainder when 30 is divided by j(f)?
13
Let c(w) be the first derivative of -w**3/3 + 9*w**2/2 - 9*w + 1. Let u be c(7). Suppose 3 - u = -k. Calculate the remainder when 5 is divided by k.
1
What is the remainder when 306 is divided by (-26)/156 - (-1389)/18?
75
Let z(b) = b**3 + 6*b**2 - 9*b - 7. Let d = -1 - -4. What is the remainder when z(-7) is divided by d?
1
Let v = -420 - -491. What is the remainder when v is divided by 14?
1
Suppose 0 = j - 4 - 9. Suppose m = 8*t - 12*t + 32, 124 = 3*m + 5*t. Calculate the remainder when m is divided by j.
9
Let h = 1226 + -1224. What is the remainder when 2 is divided by h?
0
Let d = -673 - -690. Calculate the remainder when 123 is divided by d.
4
Suppose -5*z + z + 8 = 0. Let m(a) = 2*a**2 - 3*a - 23 + 1 - a**z. What is the remainder when m(9) is divided by 12?
8
Let s = -405 - -421. What is the remainder when 42 is divided by s?
10
Suppose 0*g - 1113 = -3*g. Let q = 598 - g. Suppose -5*x + q + 3 = 0. What is the remainder when x is divided by 12?
10
Let r = 2 - -478. Calculate the remainder when r is divided by 3.
0
Let h = 425 + -282. What is the remainder when h is divided by 75?
68
Suppose z - 47 = 3*s + 23, 3*z - 234 = s. Calculate the remainder when z is divided by 22.
13
Let p(i) = -2*i + 24. What is the remainder when 66 is divided by p(1)?
0
Suppose 0 = -4*l + l + 30. Let o = l - -1. Calculate the remainder when o is divided by 4.
3
Let p = 10 - -18. Suppose -p = 9*v - 13*v. What is the remainder when v is divided by 5?
2
Let k be -1 - 2*(-1)/(-2). Suppose 5*t - 4*b - 43 = -7*b, 2*b - 42 = -5*t. What is the remainder when (k + 1)/((-2)/46) is divided by t?
7
Suppose 2193 = 15*p + 408. Calculate the remainder when p is divided by 5.
4
Let p = -95 + 215. Suppose 5*w - w = p. What is the remainder when w is divided by 2/8 + (-252)/(-16)?
14
Suppose -1876 + 660 = -4*n. What is the remainder when n is divided by 34?
32
Let g = -22 - 68. Calculate the remainder when 2 is divided by (-1)/(-3) + 6/(g/(-25)).
0
Let l = 2154 - 1946. What is the remainder when l is divided by 12?
4
Let y = 272 + -247. Calculate the remainder when y is divided by 15.
10
Let c = -32 + 35. Suppose 5*i - 56 = -4*y, c*i - y + 8 - 45 = 0. Calculate the remainder when 70 is divided by i.
10
Suppose -4*d + 278 = -2. Calculate the remainder when d is divided by 9.
7
Suppose -4*w = 2*y + 306, -2*w + 6*w + 5*y + 291 = 0. Let x = -62 - w. Suppose -10 = -2*s - 0*s. Calculate the remainder when x is divided by s.
2
Let q(n) = -n**3 - 9*n**2 - 10*n - 4. Let j be q(-8). What is the remainder when 8/j*39 - -1 is divided by 14?
13
Let b(s) = -s + 22. Suppose 9*p - 5*p = 4. Let j(v) = 14*v**2 + v + 1. Let h be j(p). What is the remainder when 29 is divided by b(h)?
5
Let b(s) = s**2 + 3*s - 7. Let g(u) = -u**3 + 7*u**2 + 16*u - 46. What is the remainder when g(8) is divided by b(-5)?
0
What is the remainder when 110 + (2 - (-4 - -4)) + 1 is divided by 5?
3
Let t(v) = 23*v**2 - v. Let f = -1065 - -1152. What is the remainder when f is divided by t(1)?
21
Let a = 571 + -536. Calculate the remainder when 129 is divided by a.
24
Let o(s) = -10*s + 387. Calculate the remainder when o(33) is divided by 29.
28
Let q = 0 + -2. Let z(i) = i**3 + 5*i**2 - 3*i - 4. What is the remainder when z(-4) is divided by q/4*-9*2?
6
Let u(b) = 7*b - 121. Calculate the remainder when u(19) is divided by 4.
0
Let w(v) = 95*v**3 - v**2 + v - 1. Suppose 1 + 0 = a. What is the remainder when w(a) is divided by 32?
30
Let q(s) = s + 5. Let j(n) = n**3 + 4*n**2 + 3*n - 2. Let z be j(-3). Let u(h) = -h**2 + 5*h + 7. Calculate the remainder when u(3) is divided by q(z).
1
Let i = -1818 + 1872. Calculate the remainder when i is divided by 44.
10
Let b = -221 + 321. Calculate the remainder when b is divided by 36.
28
Suppose 138*s = 130*s + 464. What is the remainder when s is divided by 8?
2
Let v = 541 + -508. Calculate the remainder when 125 is divided by v.
26
Suppose -5*r - 30 = 9*a - 14*a, -4*r = a - 31. Let s(f) = -3*f + 40. Suppose -50 = 3*l - 5*l. Calculate the remainder when l is divided by s(a).
4
Su